{"id":443,"date":"2021-10-14T18:39:28","date_gmt":"2021-10-14T18:39:28","guid":{"rendered":"https:\/\/raingenieros.cl\/?page_id=443"},"modified":"2021-12-02T18:29:22","modified_gmt":"2021-12-02T18:29:22","slug":"trabajos-para-chile","status":"publish","type":"page","link":"https:\/\/raingenieros.cl\/index.php\/trabajos-para-chile\/","title":{"rendered":"Trabajos para Chile"},"content":{"rendered":"\t\t<div data-elementor-type=\"wp-page\" data-elementor-id=\"443\" class=\"elementor elementor-443\">\n\t\t\t\t\t\t<section class=\"elementor-section elementor-top-section elementor-element elementor-element-639bc88c elementor-section-boxed elementor-section-height-default elementor-section-height-default\" data-id=\"639bc88c\" data-element_type=\"section\" data-settings=\"{&quot;background_background&quot;:&quot;classic&quot;}\">\n\t\t\t\t\t\t<div class=\"elementor-container elementor-column-gap-default\">\n\t\t\t\t\t<div class=\"elementor-column elementor-col-100 elementor-top-column elementor-element elementor-element-1488396\" data-id=\"1488396\" data-element_type=\"column\">\n\t\t\t<div class=\"elementor-widget-wrap elementor-element-populated\">\n\t\t\t\t\t\t<section class=\"elementor-section elementor-inner-section elementor-element elementor-element-24ade1d0 elementor-section-height-min-height elementor-section-content-middle elementor-section-boxed elementor-section-height-default\" data-id=\"24ade1d0\" data-element_type=\"section\" data-settings=\"{&quot;background_background&quot;:&quot;classic&quot;}\">\n\t\t\t\t\t\t<div class=\"elementor-container elementor-column-gap-default\">\n\t\t\t\t\t<div class=\"elementor-column elementor-col-50 elementor-inner-column elementor-element elementor-element-16d62129\" data-id=\"16d62129\" data-element_type=\"column\">\n\t\t\t<div class=\"elementor-widget-wrap elementor-element-populated\">\n\t\t\t\t\t\t<div class=\"elementor-element elementor-element-5c4619bd elementor-widget elementor-widget-image\" data-id=\"5c4619bd\" data-element_type=\"widget\" data-widget_type=\"image.default\">\n\t\t\t\t<div class=\"elementor-widget-container\">\n\t\t\t\t\t\t\t\t\t\t\t\t\t\t<a href=\"https:\/\/raingenieros.cl\/\">\n\t\t\t\t\t\t\t<img decoding=\"async\" src=\"https:\/\/raingenieros.cl\/wp-content\/uploads\/elementor\/thumbs\/logo-ra3-pe2yjf06sa3h7cqxde7ezfgzhuwi96elvsfl50114w.png\" title=\"logo-ra3\" alt=\"\" loading=\"lazy\" \/>\t\t\t\t\t\t\t\t<\/a>\n\t\t\t\t\t\t\t\t\t\t\t\t\t<\/div>\n\t\t\t\t<\/div>\n\t\t\t\t\t<\/div>\n\t\t<\/div>\n\t\t\t\t<div class=\"elementor-column elementor-col-50 elementor-inner-column elementor-element elementor-element-746fa0e\" data-id=\"746fa0e\" data-element_type=\"column\">\n\t\t\t<div class=\"elementor-widget-wrap\">\n\t\t\t\t\t\t\t<\/div>\n\t\t<\/div>\n\t\t\t\t\t<\/div>\n\t\t<\/section>\n\t\t\t\t\t<\/div>\n\t\t<\/div>\n\t\t\t\t\t<\/div>\n\t\t<\/section>\n\t\t\t\t<section class=\"elementor-section elementor-top-section elementor-element elementor-element-8e36be6 elementor-section-boxed elementor-section-height-default elementor-section-height-default\" data-id=\"8e36be6\" data-element_type=\"section\" data-settings=\"{&quot;background_background&quot;:&quot;classic&quot;}\">\n\t\t\t\t\t\t<div class=\"elementor-container elementor-column-gap-no\">\n\t\t\t\t\t<div class=\"elementor-column elementor-col-100 elementor-top-column elementor-element elementor-element-3dd01e9\" data-id=\"3dd01e9\" data-element_type=\"column\" data-settings=\"{&quot;background_background&quot;:&quot;classic&quot;}\">\n\t\t\t<div class=\"elementor-widget-wrap elementor-element-populated\">\n\t\t\t\t\t\t<div class=\"elementor-element elementor-element-06bd5f6 elementor-arrows-position-inside elementor-widget elementor-widget-image-carousel\" data-id=\"06bd5f6\" data-element_type=\"widget\" data-settings=\"{&quot;slides_to_show&quot;:&quot;1&quot;,&quot;navigation&quot;:&quot;arrows&quot;,&quot;pause_on_hover&quot;:&quot;no&quot;,&quot;pause_on_interaction&quot;:&quot;no&quot;,&quot;effect&quot;:&quot;fade&quot;,&quot;autoplay&quot;:&quot;yes&quot;,&quot;autoplay_speed&quot;:5000,&quot;infinite&quot;:&quot;yes&quot;,&quot;speed&quot;:500}\" data-widget_type=\"image-carousel.default\">\n\t\t\t\t<div class=\"elementor-widget-container\">\n\t\t\t\t\t<div class=\"elementor-image-carousel-wrapper swiper\" dir=\"ltr\">\n\t\t\t<div class=\"elementor-image-carousel swiper-wrapper\" aria-live=\"off\">\n\t\t\t\t\t\t\t\t<div class=\"swiper-slide\" role=\"group\" aria-roledescription=\"slide\" aria-label=\"1 de 6\"><a data-elementor-open-lightbox=\"yes\" data-elementor-lightbox-slideshow=\"06bd5f6\" data-elementor-lightbox-title=\"trabajos-mineros2\" data-e-action-hash=\"#elementor-action%3Aaction%3Dlightbox%26settings%3DeyJpZCI6NzQzLCJ1cmwiOiJodHRwczpcL1wvcmFpbmdlbmllcm9zLmNsXC93cC1jb250ZW50XC91cGxvYWRzXC8yMDIxXC8xMFwvdHJhYmFqb3MtbWluZXJvczIuanBnIiwic2xpZGVzaG93IjoiMDZiZDVmNiJ9\" href=\"https:\/\/raingenieros.cl\/wp-content\/uploads\/2021\/10\/trabajos-mineros2.jpg\"><figure class=\"swiper-slide-inner\"><img decoding=\"async\" class=\"swiper-slide-image\" src=\"https:\/\/raingenieros.cl\/wp-content\/uploads\/elementor\/thumbs\/trabajos-mineros2-pet8yuhdcpd48yoguizt1vra7qklqe13ts5vfich6o.jpg\" alt=\"\" \/><\/figure><\/a><\/div><div class=\"swiper-slide\" role=\"group\" aria-roledescription=\"slide\" aria-label=\"2 de 6\"><a data-elementor-open-lightbox=\"yes\" data-elementor-lightbox-slideshow=\"06bd5f6\" data-elementor-lightbox-title=\"SQM-Iris-2\" data-e-action-hash=\"#elementor-action%3Aaction%3Dlightbox%26settings%3DeyJpZCI6ODA4LCJ1cmwiOiJodHRwczpcL1wvcmFpbmdlbmllcm9zLmNsXC93cC1jb250ZW50XC91cGxvYWRzXC8yMDIxXC8xMVwvU1FNLUlyaXMtMi5qcGciLCJzbGlkZXNob3ciOiIwNmJkNWY2In0%3D\" href=\"https:\/\/raingenieros.cl\/wp-content\/uploads\/2021\/11\/SQM-Iris-2.jpg\"><figure class=\"swiper-slide-inner\"><img decoding=\"async\" class=\"swiper-slide-image\" src=\"https:\/\/raingenieros.cl\/wp-content\/uploads\/elementor\/thumbs\/SQM-Iris-2-pgst0iwfy4962s0zxwdgwuoa92cyoa6o2o811n9lhc.jpg\" alt=\"\" \/><\/figure><\/a><\/div><div class=\"swiper-slide\" role=\"group\" aria-roledescription=\"slide\" aria-label=\"3 de 6\"><a data-elementor-open-lightbox=\"yes\" data-elementor-lightbox-slideshow=\"06bd5f6\" data-elementor-lightbox-title=\"QB2 Planta tratamiento\" data-e-action-hash=\"#elementor-action%3Aaction%3Dlightbox%26settings%3DeyJpZCI6ODA5LCJ1cmwiOiJodHRwczpcL1wvcmFpbmdlbmllcm9zLmNsXC93cC1jb250ZW50XC91cGxvYWRzXC8yMDIxXC8xMVwvUUIyLVBsYW50YS10cmF0YW1pZW50by5wbmciLCJzbGlkZXNob3ciOiIwNmJkNWY2In0%3D\" href=\"https:\/\/raingenieros.cl\/wp-content\/uploads\/2021\/11\/QB2-Planta-tratamiento.png\"><figure class=\"swiper-slide-inner\"><img decoding=\"async\" class=\"swiper-slide-image\" src=\"https:\/\/raingenieros.cl\/wp-content\/uploads\/elementor\/thumbs\/QB2-Planta-tratamiento-pgst2n1dbp5e76yelba90tgmd9xozrkxd52cx24phc.png\" alt=\"\" \/><\/figure><\/a><\/div><div class=\"swiper-slide\" role=\"group\" aria-roledescription=\"slide\" aria-label=\"4 de 6\"><a data-elementor-open-lightbox=\"yes\" data-elementor-lightbox-slideshow=\"06bd5f6\" data-elementor-lightbox-title=\"Tte-Planta-Tratamiento-Escoria-2\" data-e-action-hash=\"#elementor-action%3Aaction%3Dlightbox%26settings%3DeyJpZCI6ODA3LCJ1cmwiOiJodHRwczpcL1wvcmFpbmdlbmllcm9zLmNsXC93cC1jb250ZW50XC91cGxvYWRzXC8yMDIxXC8xMVwvVHRlLVBsYW50YS1UcmF0YW1pZW50by1Fc2NvcmlhLTIuanBnIiwic2xpZGVzaG93IjoiMDZiZDVmNiJ9\" href=\"https:\/\/raingenieros.cl\/wp-content\/uploads\/2021\/11\/Tte-Planta-Tratamiento-Escoria-2.jpg\"><figure class=\"swiper-slide-inner\"><img decoding=\"async\" class=\"swiper-slide-image\" src=\"https:\/\/raingenieros.cl\/wp-content\/uploads\/elementor\/thumbs\/Tte-Planta-Tratamiento-Escoria-2-pgssu7fi07ls157eu61r5g2qhti4xj3mjeciwomvb4.jpg\" alt=\"\" \/><\/figure><\/a><\/div><div class=\"swiper-slide\" role=\"group\" aria-roledescription=\"slide\" aria-label=\"5 de 6\"><a data-elementor-open-lightbox=\"yes\" data-elementor-lightbox-slideshow=\"06bd5f6\" data-elementor-lightbox-title=\"SQM-Nueva-Victoria-Taller-Camiones-Cop-5Trabajos-mineros-chile\" data-e-action-hash=\"#elementor-action%3Aaction%3Dlightbox%26settings%3DeyJpZCI6NjE3LCJ1cmwiOiJodHRwczpcL1wvcmFpbmdlbmllcm9zLmNsXC93cC1jb250ZW50XC91cGxvYWRzXC8yMDIxXC8xMFwvU1FNLU51ZXZhLVZpY3RvcmlhLVRhbGxlci1DYW1pb25lcy1Db3AtNVRyYWJham9zLW1pbmVyb3MtY2hpbGUuanBnIiwic2xpZGVzaG93IjoiMDZiZDVmNiJ9\" href=\"https:\/\/raingenieros.cl\/wp-content\/uploads\/2021\/10\/SQM-Nueva-Victoria-Taller-Camiones-Cop-5Trabajos-mineros-chile.jpg\"><figure class=\"swiper-slide-inner\"><img decoding=\"async\" class=\"swiper-slide-image\" src=\"https:\/\/raingenieros.cl\/wp-content\/uploads\/elementor\/thumbs\/SQM-Nueva-Victoria-Taller-Camiones-Cop-5Trabajos-mineros-chile-pekijd26z9ue4ov0om9h5bblkiv8pmgpjje2qpuwao.jpg\" alt=\"\" \/><\/figure><\/a><\/div><div class=\"swiper-slide\" role=\"group\" aria-roledescription=\"slide\" aria-label=\"6 de 6\"><a data-elementor-open-lightbox=\"yes\" data-elementor-lightbox-slideshow=\"06bd5f6\" data-elementor-lightbox-title=\"AAS-taller-mec\u00e1nico-electrico-e-instrum\" data-e-action-hash=\"#elementor-action%3Aaction%3Dlightbox%26settings%3DeyJpZCI6ODA0LCJ1cmwiOiJodHRwczpcL1wvcmFpbmdlbmllcm9zLmNsXC93cC1jb250ZW50XC91cGxvYWRzXC8yMDIxXC8xMVwvQUFTLXRhbGxlci1tZWNhbmljby1lbGVjdHJpY28tZS1pbnN0cnVtLmpwZyIsInNsaWRlc2hvdyI6IjA2YmQ1ZjYifQ%3D%3D\" href=\"https:\/\/raingenieros.cl\/wp-content\/uploads\/2021\/11\/AAS-taller-mecanico-electrico-e-instrum.jpg\"><figure class=\"swiper-slide-inner\"><img decoding=\"async\" class=\"swiper-slide-image\" src=\"https:\/\/raingenieros.cl\/wp-content\/uploads\/elementor\/thumbs\/AAS-taller-mecanico-electrico-e-instrum-pgssl90uw1cfew7q4sopw7fmqnn8lcjoz2kzarwwlc.jpg\" alt=\"\" \/><\/figure><\/a><\/div>\t\t\t<\/div>\n\t\t\t\t\t\t\t\t\t\t\t\t<div class=\"elementor-swiper-button elementor-swiper-button-prev\" role=\"button\" tabindex=\"0\">\n\t\t\t\t\t\t<i aria-hidden=\"true\" class=\"eicon-chevron-left\"><\/i>\t\t\t\t\t<\/div>\n\t\t\t\t\t<div class=\"elementor-swiper-button elementor-swiper-button-next\" role=\"button\" tabindex=\"0\">\n\t\t\t\t\t\t<i aria-hidden=\"true\" class=\"eicon-chevron-right\"><\/i>\t\t\t\t\t<\/div>\n\t\t\t\t\n\t\t\t\t\t\t\t\t\t<\/div>\n\t\t\t\t<\/div>\n\t\t\t\t<\/div>\n\t\t\t\t\t<\/div>\n\t\t<\/div>\n\t\t\t\t\t<\/div>\n\t\t<\/section>\n\t\t\t\t<section class=\"elementor-section elementor-top-section elementor-element elementor-element-55888f28 elementor-section-boxed elementor-section-height-default elementor-section-height-default\" data-id=\"55888f28\" data-element_type=\"section\" data-settings=\"{&quot;background_background&quot;:&quot;classic&quot;}\">\n\t\t\t\t\t\t<div class=\"elementor-container elementor-column-gap-wider\">\n\t\t\t\t\t<div class=\"elementor-column elementor-col-33 elementor-top-column elementor-element elementor-element-360ab73e\" data-id=\"360ab73e\" data-element_type=\"column\" data-settings=\"{&quot;background_background&quot;:&quot;classic&quot;}\">\n\t\t\t<div class=\"elementor-widget-wrap elementor-element-populated\">\n\t\t\t\t\t\t<div class=\"elementor-element elementor-element-613cc8b elementor-widget elementor-widget-heading\" data-id=\"613cc8b\" data-element_type=\"widget\" data-widget_type=\"heading.default\">\n\t\t\t\t<div class=\"elementor-widget-container\">\n\t\t\t<h3 class=\"elementor-heading-title elementor-size-default\">:: Trabajos Realizados <\/h3>\t\t<\/div>\n\t\t\t\t<\/div>\n\t\t\t\t\t<\/div>\n\t\t<\/div>\n\t\t\t\t<div class=\"elementor-column elementor-col-33 elementor-top-column elementor-element elementor-element-44ca0ca\" data-id=\"44ca0ca\" data-element_type=\"column\" data-settings=\"{&quot;background_background&quot;:&quot;classic&quot;}\">\n\t\t\t<div class=\"elementor-widget-wrap elementor-element-populated\">\n\t\t\t\t\t\t<div class=\"elementor-element elementor-element-13bd04a5 elementor-widget elementor-widget-heading\" data-id=\"13bd04a5\" data-element_type=\"widget\" data-widget_type=\"heading.default\">\n\t\t\t\t<div class=\"elementor-widget-container\">\n\t\t\t<h6 class=\"elementor-heading-title elementor-size-default\">:: Proyectos Mineros<\/h6>\t\t<\/div>\n\t\t\t\t<\/div>\n\t\t\t\t\t<\/div>\n\t\t<\/div>\n\t\t\t\t<div class=\"elementor-column elementor-col-33 elementor-top-column elementor-element elementor-element-5648dacf\" data-id=\"5648dacf\" data-element_type=\"column\" data-settings=\"{&quot;background_background&quot;:&quot;classic&quot;}\">\n\t\t\t<div class=\"elementor-widget-wrap elementor-element-populated\">\n\t\t\t\t\t\t<div class=\"elementor-element elementor-element-73473d50 elementor-align-right elementor-widget elementor-widget-button\" data-id=\"73473d50\" data-element_type=\"widget\" data-widget_type=\"button.default\">\n\t\t\t\t<div class=\"elementor-widget-container\">\n\t\t\t\t\t<div class=\"elementor-button-wrapper\">\n\t\t\t<a class=\"elementor-button elementor-button-link elementor-size-xs\" href=\"https:\/\/raingenieros.cl\/index.php\/proyectos-de-energia\/\">\n\t\t\t\t\t\t<span class=\"elementor-button-content-wrapper\">\n\t\t\t\t\t\t\t\t\t<span class=\"elementor-button-text\">Siguiente<\/span>\n\t\t\t\t\t<\/span>\n\t\t\t\t\t<\/a>\n\t\t<\/div>\n\t\t\t\t<\/div>\n\t\t\t\t<\/div>\n\t\t\t\t\t<\/div>\n\t\t<\/div>\n\t\t\t\t\t<\/div>\n\t\t<\/section>\n\t\t\t\t<section class=\"elementor-section elementor-top-section elementor-element elementor-element-5138d567 elementor-section-boxed elementor-section-height-default elementor-section-height-default\" data-id=\"5138d567\" data-element_type=\"section\" data-settings=\"{&quot;background_background&quot;:&quot;classic&quot;}\">\n\t\t\t\t\t\t<div class=\"elementor-container elementor-column-gap-wider\">\n\t\t\t\t\t<div class=\"elementor-column elementor-col-100 elementor-top-column elementor-element elementor-element-135d14d1\" data-id=\"135d14d1\" data-element_type=\"column\" data-settings=\"{&quot;background_background&quot;:&quot;classic&quot;}\">\n\t\t\t<div class=\"elementor-widget-wrap elementor-element-populated\">\n\t\t\t\t\t\t<div class=\"elementor-element elementor-element-3686fdc2 elementor-widget elementor-widget-text-editor\" data-id=\"3686fdc2\" data-element_type=\"widget\" data-widget_type=\"text-editor.default\">\n\t\t\t\t<div class=\"elementor-widget-container\">\n\t\t\t\t\t\t\t<ul><li><strong><strong>Trabajos para Chile:<\/strong><\/strong><\/li><\/ul>\t\t\t\t\t\t<\/div>\n\t\t\t\t<\/div>\n\t\t\t\t<div class=\"elementor-element elementor-element-e472a5d elementor-widget elementor-widget-text-editor\" data-id=\"e472a5d\" data-element_type=\"widget\" data-widget_type=\"text-editor.default\">\n\t\t\t\t<div class=\"elementor-widget-container\">\n\t\t\t\t\t\t\t<p>Taller de Camiones, <span style=\"color: #d67900;\"><strong>Orcoma <\/strong><\/span>(2021).<\/p><p>\u00a0<\/p><p><span style=\"color: #808080;\">Revisi\u00f3n Estructural Domo H = 68 m<\/span>, <span style=\"color: #d67900;\"><strong>MVGM Arquitectos, QB2, Teck<\/strong><\/span> (2021).<\/p><p>\u00a0<\/p><p>Campamento 3800, <span style=\"color: #d67900;\"><strong>Atco Sabinco, Collahuasi<\/strong> <\/span>(2021).<\/p><p>\u00a0<\/p><p>Asesor\u00eda Ingenier\u00eda Estructural Espesador, <strong><span style=\"color: #d67900;\">Hatch, Collahuasi<\/span><\/strong> (2020).<\/p><p>\u00a0<\/p><p>Campamento (Promet-Atco Sabinco) y Fundaciones y Estructura Planta Agua Potable <strong><span style=\"color: #d67900;\">(Arsepur), QB2, Teck, <\/span><\/strong><span style=\"color: #808080;\">(2019)<\/span>.<\/p><p>\u00a0<\/p><p>Dise\u00f1o Multidisciplinario Taller de Camiones, <span style=\"color: #d67900;\"><strong>SQM Nueva Victoria<\/strong><\/span> (2018).<\/p><p>\u00a0<\/p><p>Dise\u00f1o Multidisciplinario\u00a0<strong><span style=\"color: #d67900;\">traslado de TKs Salmuera, Salar, ll Regi\u00f3n, SQM Salar<\/span><\/strong> (2017).<\/p><p>\u00a0<\/p><p>Dise\u00f1o de Fundaciones, Chuquicamata Subterr\u00e1neo (PMCHS), II Regi\u00f3n, <strong><span style=\"color: #d67900;\">Tenova <\/span><\/strong><strong><span style=\"color: #d67900;\">para Codelco<\/span><\/strong> (2016).<\/p><p>\u00a0<\/p><p>Dise\u00f1o Fundaciones de Espesadores Centinela, ll Regi\u00f3n, <strong><span style=\"color: #d67900;\">Tenova para Antofagasta Minerals<\/span><\/strong> (2015)<span style=\"color: var( --e-global-color-text ); background-color: var( --e-global-color-7e71148 );\">.<\/span><\/p><p><span style=\"color: var( --e-global-color-text ); background-color: var( --e-global-color-7e71148 );\">\u00a0<\/span><\/p><p>Revisi\u00f3n Estructural\u00a0<strong><span style=\"color: #d67900;\">Edificios prefabricados, EWS, ll Regi\u00f3n, Butler para BHP<\/span><\/strong> (2014).<\/p><p>\u00a0<\/p><p>Ingenier\u00eda\u00a0Multidisciplinaria\u00a0<span style=\"color: #d67900;\"><strong>Correas y Edificios, Chancador Cuaternario, Tres Valles, lV Regi\u00f3n, Solecia para Vale<\/strong><\/span> (2012).<\/p><p>\u00a0<\/p><p>Ingenier\u00eda\u00a0Multidisciplinaria <strong><span style=\"color: #d67900;\">Oficinas Isla Tit\u00e1n, Los Bronces, Regi\u00f3n Metropolitana, Anglo American<\/span><\/strong> (2012).<\/p><p>\u00a0<\/p><p>Ingenier\u00eda Multidisciplinaria <strong><span style=\"color: #d67900;\">Servicios B\u00e1sicos l y ll Proyecto (Iris), ll Regi\u00f3n, SKM<\/span><\/strong> (2012).<\/p><p>\u00a0<\/p><p>Ingenier\u00eda\u00a0Multidisciplinaria <span style=\"color: #d67900;\"><strong>Dise\u00f1o Taller Mac\u00e1nico El\u00e9ctrico e Instrumentaci\u00f3n, Las T\u00f3rtolas, RM, AngloAmerican<\/strong><\/span> (2011).<\/p><p>\u00a0<\/p><p>Revisi\u00f3n Estructural Planta Nueva Victoria, <strong><span style=\"color: #d67900;\">ll Regi\u00f3n, SQM<\/span><\/strong> (2010).<\/p><p>\u00a0<\/p><p>Dise\u00f1o de Estructuras Varias Domo, Correas, Edificio Filtros, Stock Pile, Muros Chancador, <strong><span style=\"color: #d67900;\">Ingenier\u00eda B\u00e1sica Proyecto Mina, Ministro Hales, l Regi\u00f3n, Hatch para Codelco<\/span><\/strong> (2010).<\/p><p>\u00a0<\/p><p>Dise\u00f1o \u00c1rea de Cal, Proyecto Los Bronces, <span style=\"color: #d67900;\"><strong>Regi\u00f3n Metropolitana, Ingemin para Bechtel, Anglo American<\/strong><\/span> (2009).<\/p><p>\u00a0<\/p>\t\t\t\t\t\t<\/div>\n\t\t\t\t<\/div>\n\t\t\t\t\t<\/div>\n\t\t<\/div>\n\t\t\t\t\t<\/div>\n\t\t<\/section>\n\t\t\t\t<section class=\"elementor-section elementor-top-section elementor-element elementor-element-61d61353 elementor-section-boxed elementor-section-height-default elementor-section-height-default\" data-id=\"61d61353\" data-element_type=\"section\" data-settings=\"{&quot;background_background&quot;:&quot;classic&quot;}\">\n\t\t\t\t\t\t<div class=\"elementor-container elementor-column-gap-default\">\n\t\t\t\t\t<div class=\"elementor-column elementor-col-100 elementor-top-column elementor-element elementor-element-76c139aa\" data-id=\"76c139aa\" data-element_type=\"column\" data-settings=\"{&quot;background_background&quot;:&quot;classic&quot;}\">\n\t\t\t<div class=\"elementor-widget-wrap elementor-element-populated\">\n\t\t\t\t\t\t<div class=\"elementor-element elementor-element-30aab1e5 elementor-widget elementor-widget-text-editor\" data-id=\"30aab1e5\" data-element_type=\"widget\" data-widget_type=\"text-editor.default\">\n\t\t\t\t<div class=\"elementor-widget-container\">\n\t\t\t\t\t\t\t<p>Santa Magdalena 10, oficina 34. Providencia, Santiago. <br \/>Tel\u00e9fono: +56 2 2884 23 04, +56 9 8215 89 62 | <span style=\"color: #ffffff;\"><a style=\"color: #ffffff;\" href=\"mailto:rasenjo@raingenieros.cl\">rasenjo@raingenieros.cl<\/a><\/span> | <span style=\"color: #ffffff;\"><a style=\"color: #ffffff;\" href=\"mailto:contacto@raingenieros.cl\">contacto@raingenieros.cl<\/a><\/span><\/p>\t\t\t\t\t\t<\/div>\n\t\t\t\t<\/div>\n\t\t\t\t\t<\/div>\n\t\t<\/div>\n\t\t\t\t\t<\/div>\n\t\t<\/section>\n\t\t\t\t<\/div>\n\t\t","protected":false},"excerpt":{"rendered":"<p>Solecia Tres Valles Correas SQM Iris QB2 Planta Tratamiento Teniente Planta Tratamiento Escoria SQM. Nueva Victoria, Taller Camiones Cop 5 AngloAmerican Taller Mec\u00e1nico Electrico e<\/p>\n","protected":false},"author":1,"featured_media":0,"parent":0,"menu_order":0,"comment_status":"closed","ping_status":"closed","template":"elementor_canvas","meta":{"footnotes":""},"class_list":["post-443","page","type-page","status-publish","hentry"],"_links":{"self":[{"href":"https:\/\/raingenieros.cl\/index.php\/wp-json\/wp\/v2\/pages\/443","targetHints":{"allow":["GET"]}}],"collection":[{"href":"https:\/\/raingenieros.cl\/index.php\/wp-json\/wp\/v2\/pages"}],"about":[{"href":"https:\/\/raingenieros.cl\/index.php\/wp-json\/wp\/v2\/types\/page"}],"author":[{"embeddable":true,"href":"https:\/\/raingenieros.cl\/index.php\/wp-json\/wp\/v2\/users\/1"}],"replies":[{"embeddable":true,"href":"https:\/\/raingenieros.cl\/index.php\/wp-json\/wp\/v2\/comments?post=443"}],"version-history":[{"count":112,"href":"https:\/\/raingenieros.cl\/index.php\/wp-json\/wp\/v2\/pages\/443\/revisions"}],"predecessor-version":[{"id":902,"href":"https:\/\/raingenieros.cl\/index.php\/wp-json\/wp\/v2\/pages\/443\/revisions\/902"}],"wp:attachment":[{"href":"https:\/\/raingenieros.cl\/index.php\/wp-json\/wp\/v2\/media?parent=443"}],"curies":[{"name":"wp","href":"https:\/\/api.w.org\/{rel}","templated":true}]}}